{"id":505,"date":"2018-02-08T17:46:05","date_gmt":"2018-02-08T16:46:05","guid":{"rendered":"http:\/\/fertighaus-und-grundstueck.de\/?page_id=505"},"modified":"2020-03-18T16:38:55","modified_gmt":"2020-03-18T15:38:55","slug":"impressum","status":"publish","type":"page","link":"https:\/\/grundstueck-fertighaus-kic.de\/index.php\/impressum\/","title":{"rendered":"Impressum"},"content":{"rendered":"<p>[vc_row][vc_column css=&#8220;.vc_custom_1518257080614{padding-right: 350px !important;padding-left: 350px !important;}&#8220; offset=&#8220;vc_hidden-md vc_hidden-sm vc_hidden-xs&#8220;][vc_empty_space][vc_column_text]<\/p>\n<p style=\"text-align: justify;\">Ewald Mattes<br \/>\nKIC kommunal + immobilien consulting e.K.<br \/>\nOberer Berg 8<br \/>\n56814 Landkern<\/p>\n<p style=\"text-align: justify;\"><strong>KONTAKT:<\/strong><\/p>\n<table>\n<tbody>\n<tr>\n<td>Telefon:<\/td>\n<td>0049 (0) 2653 915 640<\/td>\n<\/tr>\n<tr>\n<td>Telefax:<\/td>\n<td>0049 (0) 2653 915 865<\/td>\n<\/tr>\n<tr>\n<td>E-Mail:<\/td>\n<td><span id=\"cloakd5ea3e50e03a88ddc8f0799facf5c32f\"><a href=\"mailto:info@immobilien-kic.de\">info@immobilien-kic.de<\/a><\/span><\/td>\n<\/tr>\n<\/tbody>\n<\/table>\n<p style=\"text-align: justify;\"><strong>REGISTEREINTRAG:<\/strong><\/p>\n<p style=\"text-align: justify;\">Eintragung im Handelsregister.<br \/>\nRegistergericht:Amtsgericht Koblenz<br \/>\nRegisternummer: 21505<\/p>\n<p style=\"text-align: justify;\">Gewerbeerlaubnis gem\u00e4\u00df \u00a7 34 c Gewerbeordnung wurde durch die Verbandsgemeindeverwaltung Kaisersesch erteilt.<\/p>\n<p style=\"text-align: justify;\">Umsatzsteuer Identifikationsnummer: DE299449033<\/p>\n<p style=\"text-align: justify;\"><strong>VERANTWORTLICH F\u00dcR DEN INHALT NACH \u00a7 55 ABS. 2 RSTV:<\/strong><\/p>\n<p style=\"text-align: justify;\">Ewald Mattes<br \/>\nOberer Berg 8<br \/>\n56814 Landkern<\/p>\n<p style=\"text-align: justify;\"><strong>Haftung f\u00fcr Inhalte<\/strong><\/p>\n<p style=\"text-align: justify;\">Die Inhalte unserer Seiten wurden mit gr\u00f6\u00dfter Sorgfalt erstellt. F\u00fcr die Richtigkeit, Vollst\u00e4ndigkeit und Aktualit\u00e4t der Inhalte k\u00f6nnen wir jedoch keine Gew\u00e4hr \u00fcbernehmen.<\/p>\n<p style=\"text-align: justify;\">Als Diensteanbieter sind wir f\u00fcr eigene Inhalte auf diesen Seiten nach den allgemeinen Gesetzen verantwortlich. Diensteanbieter sind jedoch nicht verpflichtet, die von ihnen \u00fcbermittelten oder gespeicherten fremden Informationen zu \u00fcberwachen oder nach Umst\u00e4nden zu forschen, die auf eine rechtswidrige T\u00e4tigkeit hinweisen. Verpflichtungen zur Entfernung oder Sperrung der Nutzung von Informationen nach den allgemeinen Gesetzen bleiben hiervon unber\u00fchrt. Eine diesbez\u00fcgliche Haftung ist jedoch erst ab dem Zeitpunkt der Kenntnis einer konkreten Rechtsverletzung m\u00f6glich. Bei bekannt werden von entsprechenden Rechtsverletzungen werden wir diese Inhalte umgehend entfernen.<\/p>\n<p style=\"text-align: justify;\"><strong><br \/>\nHaftung f\u00fcr Links<\/strong><\/p>\n<p style=\"text-align: justify;\">Unser Angebot enth\u00e4lt Links zu externen Webseiten Dritter, auf deren Inhalte wir keinen Einfluss haben. Deshalb k\u00f6nnen wir f\u00fcr diese fremden Inhalte auch keine Gew\u00e4hr \u00fcbernehmen. F\u00fcr die Inhalte der verlinkten Seiten ist stets der jeweilige Anbieter oder Betreiber der Seiten verantwortlich. Die verlinkten Seiten wurden zum Zeitpunkt der Verlinkung auf m\u00f6gliche Rechtsverst\u00f6\u00dfe \u00fcberpr\u00fcft. Rechtswidrige Inhalte waren zum Zeitpunkt der Verlinkung nicht erkennbar. Eine permanente inhaltliche Kontrolle der verlinkten Seiten ist jedoch ohne konkrete Anhaltspunkte einer Rechtsverletzung nicht zumutbar. Bei bekannt werden von Rechtsverletzungen werden wir derartige Links umgehend entfernen.<\/p>\n<p style=\"text-align: justify;\"><strong>Urheberrecht<\/strong><\/p>\n<p style=\"text-align: justify;\">Die Betreiber der Seiten sind bem\u00fcht, stets die Urheberrechte anderer zu beachten bzw. auf selbst erstellte sowie lizenzfreie Werke zur\u00fcckzugreifen.<\/p>\n<p style=\"text-align: justify;\">Die durch die Seitenbetreiber erstellten Inhalte und Werke auf diesen Seiten unterliegen dem deutschen Urheberrecht. Beitr\u00e4ge Dritter sind als solche gekennzeichnet. Die Vervielf\u00e4ltigung, Bearbeitung, Verbreitung und jede Art der Verwertung au\u00dferhalb der Grenzen des Urheberrechtes bed\u00fcrfen der schriftlichen Zustimmung des jeweiligen Autors bzw. Erstellers. Downloads und Kopien dieser Seite sind nur f\u00fcr den privaten, nicht kommerziellen Gebrauch gestattet.<\/p>\n<p style=\"text-align: justify;\">Der Nutzung von im Rahmen der Impressumspflicht ver\u00f6ffentlichten Kontaktdaten durch Dritte zur \u00dcbersendung von nicht ausdr\u00fccklich angeforderter Werbung und Informationsmaterialien wird hiermit ausdr\u00fccklich widersprochen. Die Betreiber der Seiten behalten sich ausdr\u00fccklich rechtliche Schritte im Falle der unverlangten Zusendung von Werbeinformationen, etwa durch Spam-Mails, vor.<\/p>\n<p>[\/vc_column_text][\/vc_column][\/vc_row][vc_row][vc_column offset=&#8220;vc_hidden-lg&#8220;][vc_empty_space][vc_column_text]<\/p>\n<p style=\"text-align: justify;\">Ewald Mattes<br \/>\nKIC kommunal + immobilien consulting e.K.<br \/>\nOberer Berg 8<br \/>\n56814 Landkern<\/p>\n<p style=\"text-align: justify;\"><strong>KONTAKT:<\/strong><\/p>\n<table>\n<tbody>\n<tr>\n<td>Telefon:<\/td>\n<td>0049 (0) 2653 915 640<\/td>\n<\/tr>\n<tr>\n<td>Telefax:<\/td>\n<td>0049 (0) 2653 915 865<\/td>\n<\/tr>\n<tr>\n<td>E-Mail:<\/td>\n<td><span id=\"cloakd5ea3e50e03a88ddc8f0799facf5c32f\"><a href=\"mailto:info@immobilien-kic.de\">info@immobilien-kic.de<\/a><\/span><\/td>\n<\/tr>\n<\/tbody>\n<\/table>\n<p style=\"text-align: justify;\"><strong>REGISTEREINTRAG:<\/strong><\/p>\n<p style=\"text-align: justify;\">Eintragung im Handelsregister.<br \/>\nRegistergericht:Amtsgericht Koblenz<br \/>\nRegisternummer: 21505<\/p>\n<p style=\"text-align: justify;\">Gewerbeerlaubnis gem\u00e4\u00df \u00a7 34 c Gewerbeordnung wurde durch die Verbandsgemeindeverwaltung Kaisersesch erteilt.<\/p>\n<p style=\"text-align: justify;\">Umsatzsteuer Identifikationsnummer: DE299449033<\/p>\n<p style=\"text-align: justify;\"><strong>VERANTWORTLICH F\u00dcR DEN INHALT NACH \u00a7 55 ABS. 2 RSTV:<\/strong><\/p>\n<p style=\"text-align: justify;\">Ewald Mattes<br \/>\nOberer Berg 8<br \/>\n56814 Landkern<\/p>\n<p style=\"text-align: justify;\"><strong>Haftung f\u00fcr Inhalte<\/strong><\/p>\n<p style=\"text-align: justify;\">Die Inhalte unserer Seiten wurden mit gr\u00f6\u00dfter Sorgfalt erstellt. F\u00fcr die Richtigkeit, Vollst\u00e4ndigkeit und Aktualit\u00e4t der Inhalte k\u00f6nnen wir jedoch keine Gew\u00e4hr \u00fcbernehmen.<\/p>\n<p style=\"text-align: justify;\">Als Diensteanbieter sind wir f\u00fcr eigene Inhalte auf diesen Seiten nach den allgemeinen Gesetzen verantwortlich. Diensteanbieter sind jedoch nicht verpflichtet, die von ihnen \u00fcbermittelten oder gespeicherten fremden Informationen zu \u00fcberwachen oder nach Umst\u00e4nden zu forschen, die auf eine rechtswidrige T\u00e4tigkeit hinweisen. Verpflichtungen zur Entfernung oder Sperrung der Nutzung von Informationen nach den allgemeinen Gesetzen bleiben hiervon unber\u00fchrt. Eine diesbez\u00fcgliche Haftung ist jedoch erst ab dem Zeitpunkt der Kenntnis einer konkreten Rechtsverletzung m\u00f6glich. Bei bekannt werden von entsprechenden Rechtsverletzungen werden wir diese Inhalte umgehend entfernen.<\/p>\n<p style=\"text-align: justify;\"><strong><br \/>\nHaftung f\u00fcr Links<\/strong><\/p>\n<p style=\"text-align: justify;\">Unser Angebot enth\u00e4lt Links zu externen Webseiten Dritter, auf deren Inhalte wir keinen Einfluss haben. Deshalb k\u00f6nnen wir f\u00fcr diese fremden Inhalte auch keine Gew\u00e4hr \u00fcbernehmen. F\u00fcr die Inhalte der verlinkten Seiten ist stets der jeweilige Anbieter oder Betreiber der Seiten verantwortlich. Die verlinkten Seiten wurden zum Zeitpunkt der Verlinkung auf m\u00f6gliche Rechtsverst\u00f6\u00dfe \u00fcberpr\u00fcft. Rechtswidrige Inhalte waren zum Zeitpunkt der Verlinkung nicht erkennbar. Eine permanente inhaltliche Kontrolle der verlinkten Seiten ist jedoch ohne konkrete Anhaltspunkte einer Rechtsverletzung nicht zumutbar. Bei bekannt werden von Rechtsverletzungen werden wir derartige Links umgehend entfernen.<\/p>\n<p style=\"text-align: justify;\"><strong>Urheberrecht<\/strong><\/p>\n<p style=\"text-align: justify;\">Die Betreiber der Seiten sind bem\u00fcht, stets die Urheberrechte anderer zu beachten bzw. auf selbst erstellte sowie lizenzfreie Werke zur\u00fcckzugreifen.<\/p>\n<p style=\"text-align: justify;\">Die durch die Seitenbetreiber erstellten Inhalte und Werke auf diesen Seiten unterliegen dem deutschen Urheberrecht. Beitr\u00e4ge Dritter sind als solche gekennzeichnet. Die Vervielf\u00e4ltigung, Bearbeitung, Verbreitung und jede Art der Verwertung au\u00dferhalb der Grenzen des Urheberrechtes bed\u00fcrfen der schriftlichen Zustimmung des jeweiligen Autors bzw. Erstellers. Downloads und Kopien dieser Seite sind nur f\u00fcr den privaten, nicht kommerziellen Gebrauch gestattet.<\/p>\n<p style=\"text-align: justify;\">Der Nutzung von im Rahmen der Impressumspflicht ver\u00f6ffentlichten Kontaktdaten durch Dritte zur \u00dcbersendung von nicht ausdr\u00fccklich angeforderter Werbung und Informationsmaterialien wird hiermit ausdr\u00fccklich widersprochen. Die Betreiber der Seiten behalten sich ausdr\u00fccklich rechtliche Schritte im Falle der unverlangten Zusendung von Werbeinformationen, etwa durch Spam-Mails, vor.<\/p>\n<p>[\/vc_column_text][\/vc_column][\/vc_row]<\/p>\n","protected":false},"excerpt":{"rendered":"<p>[vc_row][vc_column css=&#8220;.vc_custom_1518257080614{padding-right: 350px !important;padding-left: 350px !important;}&#8220; offset=&#8220;vc_hidden-md vc_hidden-sm vc_hidden-xs&#8220;][vc_empty_space][vc_column_text] Ewald Mattes KIC kommunal + immobilien consulting e.K. Oberer Berg 8 56814 Landkern KONTAKT: Telefon: 0049 (0) 2653 915 640 Telefax: 0049 (0) 2653 915 865 E-Mail: info@immobilien-kic.de REGISTEREINTRAG: Eintragung im Handelsregister. Registergericht:Amtsgericht Koblenz Registernummer: 21505 Gewerbeerlaubnis gem\u00e4\u00df \u00a7 34 c Gewerbeordnung wurde durch die Verbandsgemeindeverwaltung Kaisersesch erteilt. Umsatzsteuer Identifikationsnummer: DE299449033 VERANTWORTLICH F\u00dcR DEN INHALT NACH \u00a7 55 ABS. 2 RSTV: Ewald Mattes Oberer Berg 8 56814 Landkern Haftung f\u00fcr Inhalte Die Inhalte unserer Seiten wurden mit gr\u00f6\u00dfter Sorgfalt erstellt. F\u00fcr die Richtigkeit, Vollst\u00e4ndigkeit und Aktualit\u00e4t der Inhalte k\u00f6nnen wir jedoch keine Gew\u00e4hr \u00fcbernehmen. Als Diensteanbieter sind wir f\u00fcr eigene Inhalte auf diesen Seiten nach den allgemeinen Gesetzen verantwortlich. Diensteanbieter sind jedoch nicht verpflichtet, die von ihnen \u00fcbermittelten oder gespeicherten fremden Informationen zu \u00fcberwachen oder nach Umst\u00e4nden zu forschen, die auf eine rechtswidrige T\u00e4tigkeit hinweisen. Verpflichtungen zur Entfernung oder Sperrung der Nutzung von Informationen nach den allgemeinen Gesetzen bleiben hiervon unber\u00fchrt. Eine diesbez\u00fcgliche Haftung ist jedoch erst ab dem Zeitpunkt der Kenntnis einer konkreten Rechtsverletzung m\u00f6glich. Bei bekannt werden von entsprechenden Rechtsverletzungen werden wir diese Inhalte umgehend entfernen. Haftung f\u00fcr Links Unser Angebot enth\u00e4lt Links zu externen Webseiten Dritter, auf deren [&hellip;]<\/p>\n","protected":false},"author":1,"featured_media":0,"parent":0,"menu_order":0,"comment_status":"closed","ping_status":"closed","template":"","meta":{"footnotes":""},"class_list":["post-505","page","type-page","status-publish","hentry"],"yoast_head":"<!-- This site is optimized with the Yoast SEO plugin v26.6 - https:\/\/yoast.com\/wordpress\/plugins\/seo\/ -->\n<title>Impressum - Fertighaus und Grundst\u00fcck<\/title>\n<meta name=\"robots\" content=\"noindex, nofollow\" \/>\n<meta property=\"og:locale\" content=\"de_DE\" \/>\n<meta property=\"og:type\" content=\"article\" \/>\n<meta property=\"og:title\" content=\"Impressum - Fertighaus und Grundst\u00fcck\" \/>\n<meta property=\"og:description\" content=\"[vc_row][vc_column css=&#8220;.vc_custom_1518257080614{padding-right: 350px !important;padding-left: 350px !important;}&#8220; offset=&#8220;vc_hidden-md vc_hidden-sm vc_hidden-xs&#8220;][vc_empty_space][vc_column_text] Ewald Mattes KIC kommunal + immobilien consulting e.K. Oberer Berg 8 56814 Landkern KONTAKT: Telefon: 0049 (0) 2653 915 640 Telefax: 0049 (0) 2653 915 865 E-Mail: info@immobilien-kic.de REGISTEREINTRAG: Eintragung im Handelsregister. Registergericht:Amtsgericht Koblenz Registernummer: 21505 Gewerbeerlaubnis gem\u00e4\u00df \u00a7 34 c Gewerbeordnung wurde durch die Verbandsgemeindeverwaltung Kaisersesch erteilt. Umsatzsteuer Identifikationsnummer: DE299449033 VERANTWORTLICH F\u00dcR DEN INHALT NACH \u00a7 55 ABS. 2 RSTV: Ewald Mattes Oberer Berg 8 56814 Landkern Haftung f\u00fcr Inhalte Die Inhalte unserer Seiten wurden mit gr\u00f6\u00dfter Sorgfalt erstellt. F\u00fcr die Richtigkeit, Vollst\u00e4ndigkeit und Aktualit\u00e4t der Inhalte k\u00f6nnen wir jedoch keine Gew\u00e4hr \u00fcbernehmen. Als Diensteanbieter sind wir f\u00fcr eigene Inhalte auf diesen Seiten nach den allgemeinen Gesetzen verantwortlich. Diensteanbieter sind jedoch nicht verpflichtet, die von ihnen \u00fcbermittelten oder gespeicherten fremden Informationen zu \u00fcberwachen oder nach Umst\u00e4nden zu forschen, die auf eine rechtswidrige T\u00e4tigkeit hinweisen. Verpflichtungen zur Entfernung oder Sperrung der Nutzung von Informationen nach den allgemeinen Gesetzen bleiben hiervon unber\u00fchrt. Eine diesbez\u00fcgliche Haftung ist jedoch erst ab dem Zeitpunkt der Kenntnis einer konkreten Rechtsverletzung m\u00f6glich. Bei bekannt werden von entsprechenden Rechtsverletzungen werden wir diese Inhalte umgehend entfernen. Haftung f\u00fcr Links Unser Angebot enth\u00e4lt Links zu externen Webseiten Dritter, auf deren [&hellip;]\" \/>\n<meta property=\"og:url\" content=\"https:\/\/grundstueck-fertighaus-kic.de\/index.php\/impressum\/\" \/>\n<meta property=\"og:site_name\" content=\"Fertighaus und Grundst\u00fcck\" \/>\n<meta property=\"article:modified_time\" content=\"2020-03-18T15:38:55+00:00\" \/>\n<meta name=\"twitter:card\" content=\"summary_large_image\" \/>\n<meta name=\"twitter:label1\" content=\"Gesch\u00e4tzte Lesezeit\" \/>\n\t<meta name=\"twitter:data1\" content=\"4\u00a0Minuten\" \/>\n<script type=\"application\/ld+json\" class=\"yoast-schema-graph\">{\"@context\":\"https:\/\/schema.org\",\"@graph\":[{\"@type\":\"WebPage\",\"@id\":\"https:\/\/grundstueck-fertighaus-kic.de\/index.php\/impressum\/\",\"url\":\"https:\/\/grundstueck-fertighaus-kic.de\/index.php\/impressum\/\",\"name\":\"Impressum - Fertighaus und Grundst\u00fcck\",\"isPartOf\":{\"@id\":\"https:\/\/grundstueck-fertighaus-kic.de\/#website\"},\"datePublished\":\"2018-02-08T16:46:05+00:00\",\"dateModified\":\"2020-03-18T15:38:55+00:00\",\"breadcrumb\":{\"@id\":\"https:\/\/grundstueck-fertighaus-kic.de\/index.php\/impressum\/#breadcrumb\"},\"inLanguage\":\"de\",\"potentialAction\":[{\"@type\":\"ReadAction\",\"target\":[\"https:\/\/grundstueck-fertighaus-kic.de\/index.php\/impressum\/\"]}]},{\"@type\":\"BreadcrumbList\",\"@id\":\"https:\/\/grundstueck-fertighaus-kic.de\/index.php\/impressum\/#breadcrumb\",\"itemListElement\":[{\"@type\":\"ListItem\",\"position\":1,\"name\":\"Start\",\"item\":\"https:\/\/grundstueck-fertighaus-kic.de\/\"},{\"@type\":\"ListItem\",\"position\":2,\"name\":\"Impressum\"}]},{\"@type\":\"WebSite\",\"@id\":\"https:\/\/grundstueck-fertighaus-kic.de\/#website\",\"url\":\"https:\/\/grundstueck-fertighaus-kic.de\/\",\"name\":\"Fertighaus und Grundst\u00fcck\",\"description\":\"KIC kommunal + immobilien consulting e.K.\",\"potentialAction\":[{\"@type\":\"SearchAction\",\"target\":{\"@type\":\"EntryPoint\",\"urlTemplate\":\"https:\/\/grundstueck-fertighaus-kic.de\/?s={search_term_string}\"},\"query-input\":{\"@type\":\"PropertyValueSpecification\",\"valueRequired\":true,\"valueName\":\"search_term_string\"}}],\"inLanguage\":\"de\"}]}<\/script>\n<!-- \/ Yoast SEO plugin. -->","yoast_head_json":{"title":"Impressum - Fertighaus und Grundst\u00fcck","robots":{"index":"noindex","follow":"nofollow"},"og_locale":"de_DE","og_type":"article","og_title":"Impressum - Fertighaus und Grundst\u00fcck","og_description":"[vc_row][vc_column css=&#8220;.vc_custom_1518257080614{padding-right: 350px !important;padding-left: 350px !important;}&#8220; offset=&#8220;vc_hidden-md vc_hidden-sm vc_hidden-xs&#8220;][vc_empty_space][vc_column_text] Ewald Mattes KIC kommunal + immobilien consulting e.K. Oberer Berg 8 56814 Landkern KONTAKT: Telefon: 0049 (0) 2653 915 640 Telefax: 0049 (0) 2653 915 865 E-Mail: info@immobilien-kic.de REGISTEREINTRAG: Eintragung im Handelsregister. Registergericht:Amtsgericht Koblenz Registernummer: 21505 Gewerbeerlaubnis gem\u00e4\u00df \u00a7 34 c Gewerbeordnung wurde durch die Verbandsgemeindeverwaltung Kaisersesch erteilt. Umsatzsteuer Identifikationsnummer: DE299449033 VERANTWORTLICH F\u00dcR DEN INHALT NACH \u00a7 55 ABS. 2 RSTV: Ewald Mattes Oberer Berg 8 56814 Landkern Haftung f\u00fcr Inhalte Die Inhalte unserer Seiten wurden mit gr\u00f6\u00dfter Sorgfalt erstellt. F\u00fcr die Richtigkeit, Vollst\u00e4ndigkeit und Aktualit\u00e4t der Inhalte k\u00f6nnen wir jedoch keine Gew\u00e4hr \u00fcbernehmen. Als Diensteanbieter sind wir f\u00fcr eigene Inhalte auf diesen Seiten nach den allgemeinen Gesetzen verantwortlich. Diensteanbieter sind jedoch nicht verpflichtet, die von ihnen \u00fcbermittelten oder gespeicherten fremden Informationen zu \u00fcberwachen oder nach Umst\u00e4nden zu forschen, die auf eine rechtswidrige T\u00e4tigkeit hinweisen. Verpflichtungen zur Entfernung oder Sperrung der Nutzung von Informationen nach den allgemeinen Gesetzen bleiben hiervon unber\u00fchrt. Eine diesbez\u00fcgliche Haftung ist jedoch erst ab dem Zeitpunkt der Kenntnis einer konkreten Rechtsverletzung m\u00f6glich. Bei bekannt werden von entsprechenden Rechtsverletzungen werden wir diese Inhalte umgehend entfernen. Haftung f\u00fcr Links Unser Angebot enth\u00e4lt Links zu externen Webseiten Dritter, auf deren [&hellip;]","og_url":"https:\/\/grundstueck-fertighaus-kic.de\/index.php\/impressum\/","og_site_name":"Fertighaus und Grundst\u00fcck","article_modified_time":"2020-03-18T15:38:55+00:00","twitter_card":"summary_large_image","twitter_misc":{"Gesch\u00e4tzte Lesezeit":"4\u00a0Minuten"},"schema":{"@context":"https:\/\/schema.org","@graph":[{"@type":"WebPage","@id":"https:\/\/grundstueck-fertighaus-kic.de\/index.php\/impressum\/","url":"https:\/\/grundstueck-fertighaus-kic.de\/index.php\/impressum\/","name":"Impressum - Fertighaus und Grundst\u00fcck","isPartOf":{"@id":"https:\/\/grundstueck-fertighaus-kic.de\/#website"},"datePublished":"2018-02-08T16:46:05+00:00","dateModified":"2020-03-18T15:38:55+00:00","breadcrumb":{"@id":"https:\/\/grundstueck-fertighaus-kic.de\/index.php\/impressum\/#breadcrumb"},"inLanguage":"de","potentialAction":[{"@type":"ReadAction","target":["https:\/\/grundstueck-fertighaus-kic.de\/index.php\/impressum\/"]}]},{"@type":"BreadcrumbList","@id":"https:\/\/grundstueck-fertighaus-kic.de\/index.php\/impressum\/#breadcrumb","itemListElement":[{"@type":"ListItem","position":1,"name":"Start","item":"https:\/\/grundstueck-fertighaus-kic.de\/"},{"@type":"ListItem","position":2,"name":"Impressum"}]},{"@type":"WebSite","@id":"https:\/\/grundstueck-fertighaus-kic.de\/#website","url":"https:\/\/grundstueck-fertighaus-kic.de\/","name":"Fertighaus und Grundst\u00fcck","description":"KIC kommunal + immobilien consulting e.K.","potentialAction":[{"@type":"SearchAction","target":{"@type":"EntryPoint","urlTemplate":"https:\/\/grundstueck-fertighaus-kic.de\/?s={search_term_string}"},"query-input":{"@type":"PropertyValueSpecification","valueRequired":true,"valueName":"search_term_string"}}],"inLanguage":"de"}]}},"_links":{"self":[{"href":"https:\/\/grundstueck-fertighaus-kic.de\/index.php\/wp-json\/wp\/v2\/pages\/505","targetHints":{"allow":["GET"]}}],"collection":[{"href":"https:\/\/grundstueck-fertighaus-kic.de\/index.php\/wp-json\/wp\/v2\/pages"}],"about":[{"href":"https:\/\/grundstueck-fertighaus-kic.de\/index.php\/wp-json\/wp\/v2\/types\/page"}],"author":[{"embeddable":true,"href":"https:\/\/grundstueck-fertighaus-kic.de\/index.php\/wp-json\/wp\/v2\/users\/1"}],"replies":[{"embeddable":true,"href":"https:\/\/grundstueck-fertighaus-kic.de\/index.php\/wp-json\/wp\/v2\/comments?post=505"}],"version-history":[{"count":17,"href":"https:\/\/grundstueck-fertighaus-kic.de\/index.php\/wp-json\/wp\/v2\/pages\/505\/revisions"}],"predecessor-version":[{"id":913,"href":"https:\/\/grundstueck-fertighaus-kic.de\/index.php\/wp-json\/wp\/v2\/pages\/505\/revisions\/913"}],"wp:attachment":[{"href":"https:\/\/grundstueck-fertighaus-kic.de\/index.php\/wp-json\/wp\/v2\/media?parent=505"}],"curies":[{"name":"wp","href":"https:\/\/api.w.org\/{rel}","templated":true}]}}